nd 133.
133
Calculate the highest common divisor of 114810 and 60243.
129
What is the highest common factor of 24 and 314524328?
8
What is the highest common factor of 706860 and 30870?
630
Calculate the greatest common divisor of 146978013 and 12978.
2163
Calculate the greatest common divisor of 12 and 518387448.
12
Calculate the highest common divisor of 378 and 206862558.
42
What is the highest common divisor of 1456784 and 12656?
112
Calculate the highest common factor of 1970 and 484226.
394
What is the greatest common factor of 187 and 556189?
17
What is the greatest common factor of 2074117 and 17112?
713
Calculate the highest common factor of 20 and 10656356.
4
Calculate the highest common factor of 3952134 and 2304178.
4934
Calculate the greatest common divisor of 10786167 and 216657.
1197
What is the highest common divisor of 417878722 and 358?
358
Calculate the greatest common divisor of 4 and 7306848.
4
Calculate the greatest common divisor of 4029051 and 355062.
3009
Calculate the greatest common factor of 1903550 and 2600.
50
What is the highest common divisor of 124539441 and 130?
13
Calculate the greatest common divisor of 12082224 and 176.
176
Calculate the highest common factor of 3099425904 and 18.
18
Calculate the greatest common divisor of 3857 and 1942507.
203
What is the highest common factor of 71 and 590081497?
71
Calculate the greatest common factor of 8421 and 1583759926.
2807
What is the highest common factor of 294 and 4357332?
42
Calculate the highest common factor of 3622 and 154494599.
1811
Calculate the highest common divisor of 721 and 1383032.
7
What is the highest common factor of 13107 and 10761?
51
Calculate the highest common divisor of 345216 and 1939143.
2697
Calculate the greatest common divisor of 324 and 134562708.
324
What is the greatest common factor of 6157 and 4391708059?
6157
What is the greatest common divisor of 5301 and 406201?
19
What is the highest common divisor of 195 and 1684962630?
195
Calculate the highest common divisor of 117834 and 984.
246
What is the highest common divisor of 69194128 and 2896?
2896
What is the greatest common factor of 72312 and 816?
24
Calculate the highest common divisor of 305 and 251325185.
305
Calculate the highest common divisor of 2233 and 4994.
11
Calculate the highest common divisor of 687642 and 149079.
93
What is the highest common factor of 7434483 and 651?
21
Calculate the highest common divisor of 90517 and 367472.
1351
What is the highest common divisor of 44 and 29559299?
11
What is the highest common factor of 25445 and 1062147?
727
Calculate the greatest common divisor of 1400 and 7284480.
280
Calculate the highest common factor of 944 and 72112.
16
Calculate the greatest common factor of 2397 and 256385.
47
What is the highest common factor of 117962 and 2400073?
4537
Calculate the highest common factor of 16 and 6759416.
8
What is the greatest common divisor of 493653027 and 126?
21
What is the greatest common divisor of 7596 and 5145446?
422
What is the highest common divisor of 125 and 13677875?
125
What is the highest common factor of 2376 and 1196415?
99
What is the highest common divisor of 1652 and 135884021?
413
What is the greatest common divisor of 81371345 and 110?
55
Calculate the greatest common factor of 2614599 and 2106.
1053
Calculate the highest common factor of 5827 and 733.
1
Calculate the greatest common divisor of 23852017 and 7.
7
What is the greatest common divisor of 1982460 and 4512?
564
What is the greatest common divisor of 1344 and 14636032?
64
What is the highest common factor of 60062717 and 782?
17
Calculate the highest common factor of 75 and 91232430.
15
Calculate the greatest common divisor of 20351114 and 84.
14
Calculate the highest common factor of 49704 and 2725.
109
What is the greatest common divisor of 1177498 and 77312?
302
What is the highest common divisor of 17280 and 65020?
20
What is the highest common factor of 10043 and 12611?
1
What is the highest common factor of 53045862 and 12?
6
What is the greatest common factor of 47 and 18521?
1
What is the highest common divisor of 19 and 1874271017?
19
Calculate the greatest common divisor of 754194 and 1092.
42
Calculate the highest common divisor of 48480 and 58080.
480
What is the greatest common factor of 2412 and 11528388?
36
Calculate the highest common divisor of 1616 and 75008.
16
What is the highest common divisor of 3343990 and 52333?
887
What is the greatest common divisor of 8108 and 334483378?
4054
What is the highest common factor of 315 and 403893?
63
Calculate the highest common divisor of 1771 and 6042575.
77
Calculate the greatest common divisor of 5084 and 69951576.
164
What is the greatest common factor of 78208 and 21424?
208
What is the highest common factor of 79477330 and 172?
86
What is the highest common factor of 5680 and 64659984?
1136
What is the greatest common divisor of 3053637 and 188?
47
What is the greatest common factor of 5888493 and 663?
39
What is the highest common factor of 23403910 and 8445?
2815
Calculate the highest common divisor of 774 and 25482144.
258
Calculate the highest common factor of 258574548 and 6972.
996
Calculate the highest common factor of 1728 and 98843112.
216
What is the greatest common factor of 405 and 27603747?
81
What is the highest common factor of 130459600 and 120?
40
Calculate the highest common divisor of 196879 and 1.
1
What is the highest common factor of 32037 and 1094145?
543
Calculate the highest common factor of 23261 and 2072.
7
What is the greatest common factor of 8441158 and 44?
22
Calculate the highest common factor of 430 and 8707070.
430
What is the greatest common factor of 2086 and 2882306?
14
What is the highest common divisor of 374580 and 672?
12
What is the greatest common divisor of 6120 and 17910945?
765
What is the greatest common factor of 34606 and 75526?
22
What is the greatest common divisor of 210763 and 175?
7
What is the greatest common divisor of 19539 and 212184856?
2171
What is the greatest common factor of 21984 and 753639?
687
What is the highest common factor of 3924 and 22617064?
436
What is the highest common divisor of 29035504 and 48?
16
Calculate the highest common factor of 45 and 10610745.
15
What is the highest common divisor of 11180 and 260021?
43
Calculate the highest common factor of 60491454 and 516.
258
Calculate the highest common divisor of 15637905 and 150.
15
Calculate the highest common divisor of 2115 and 7777665.
45
What is the greatest common divisor of 2507 and 435884569?
2507
Calculate the highest common factor of 1984 and 18534776.
248
Calculate the highest common factor of 161 and 104794463.
23
What is the greatest common factor of 177860 and 18520?
20
Calculate the highest common divisor of 853846 and 146118.
994
What is the greatest common factor of 8604 and 84321?
9
What is the greatest common divisor of 1674 and 16367814?
558
What is the highest common factor of 11621246 and 910?
182
Calculate the greatest common factor of 369 and 278623413.
369
Calculate the highest common divisor of 8760 and 895929.
219
Calculate the highest common divisor of 8566975 and 100.
25
What is the greatest common divisor of 5578890 and 816?
102
Calculate the greatest common divisor of 44 and 390045337.
11
What is the highest common factor of 2350791 and 21789?
2421
What is the highest common factor of 1568 and 3954688?
32
Calculate the highest common divisor of 48 and 69238112.
16
What is the highest common divisor of 56887246 and 130?
26
Calculate the greatest common factor of 1169080 and 79640.
440
What is the highest common factor of 24840 and 406042?
46
What is the highest common factor of 3884 and 36264908?
3884
Calculate the greatest common factor of 199872 and 1020672.
576
What is the greatest common factor of 3038 and 5225794?
434
Calculate the highest common factor of 252762 and 623562.
618
Calculate the highest common divisor of 42603548 and 3627.
403
What is the highest common factor of 15560581 and 46?
23
What is the highest common divisor of 21 and 182197890?
21
What is the greatest common factor of 10 and 880297090?
10
Calculate the highest common divisor of 65832 and 74984.
104
Calculate the greatest common divisor of 1